{"id":183,"date":"2025-02-20T20:55:43","date_gmt":"2025-02-20T19:55:43","guid":{"rendered":"http:\/\/hosting2284170.online.pro\/autoinstalator\/wordpress\/?page_id=183"},"modified":"2026-04-01T14:26:35","modified_gmt":"2026-04-01T12:26:35","slug":"instrukcje-i-pobieranie","status":"publish","type":"page","link":"https:\/\/morimedia.pl\/index.php\/instrukcje-i-pobieranie\/","title":{"rendered":"Instrukcje i pobieranie"},"content":{"rendered":"<h1 class=\"wp-block-heading\">Instrukcje i materia\u0142y:<\/h1><p><strong>Materia\u0142y do egzaminu w Piorin<\/strong><br>W odpowiedzi na du\u017c\u0105 ilo\u015b\u0107 zapyta\u0144 o pomocy przy egzaminie z prawa zamieszczamy materia\u0142y kt\u00f3re opracowali\u015bmy korzystaj\u0105c z rozporz\u0105dzenia parlamentu europejskiego.:<br>Odpowiedzi do pyta\u0144 na egzaminie z prawa europejskiego cz\u0119\u015b\u0107 pierwsza: <a href=\"http:\/\/morimedia.pl\/files\/Test nr1 - Paszportowanie teoria.pdf\">Zagadnienia z obszaru rejestracji podmiot\u00f3w profesjonalnych i wydawania paszport\u00f3w ro\u015blin<\/a><br>\u0179r\u00f3d\u0142em powy\u017cszego opracowania s\u0105 zestawy pyta\u0144 kt\u00f3re mo\u017cna pobra\u0107 ze strony PIORiN <a href=\"http:\/\/piorin.gov.pl\/zdrowie-roslin\/paszportowanie-roslin\/egzamin-dla-podmiotow\/baza-pytan,2.html\">Pytania do egzaminu<\/a><\/p><p>UWAGA!: Do zainstalowania programu Addax (r\u00f3wnie\u017c wersji demonstracyjnej) potrzebne b\u0119d\u0105 .net 8.0 i asp .net 8.0 do pobrania ze strony firmy Microsoft:<br><a href=\"https:\/\/dotnet.microsoft.com\/en-us\/download\/dotnet\/thank-you\/runtime-desktop-8.0.25-windows-x86-installer\">\u015arodowisko uruchomieniowe .NET 8.0<\/a><br><a href=\"https:\/\/aka.ms\/dotnet-core-applaunch?framework=Microsoft.AspNetCore.App&amp;framework_version=8.0.0&amp;arch=x86&amp;rid=win-x86&amp;os=win10\">\u015arodowisko uruchomieniowe ASP .NET<\/a><\/p><p><strong>Addax:<\/strong><br>&#8211; Wersja demonstracyjna programu Addax Plus posiadaj\u0105ce pe\u0142n\u0105 funkcjonalno\u015b\u0107&#8211; <a href=\"https:\/\/morimedia.pl\/files\/demo\/AddaxPlusDemoInstaller.msi\">Pobierz<\/a><br>&#8211; Instrukcja instalacji nowej wersji Addax &#8212; <a href=\"https:\/\/youtu.be\/BYTj0oDM-cY\">Obejrzyj<\/a><br>&#8211; Prezentacja integracji z KSeF i mo\u017cliwo\u015bci programu &#8212; <a href=\"https:\/\/youtu.be\/omMrsSap_Bc\">Obejrzyj<\/a><br>Filmy do starej wersji programu:<\/p><p>&#8211; Demonstracja wydruku paszport\u00f3w &#8212; <a href=\"https:\/\/youtu.be\/L0I1czNHIFk\">Obejrzyj<\/a><br>&#8211; Realizacja identyfikowalno\u015bci i rejestru ro\u015blin w Addax Plus &#8212; <a href=\"https:\/\/youtu.be\/B1O6cNGZ_4s\">Obejrzyj<\/a><br>&#8211; Rozpocz\u0119cie prowadzenia magazynu\/ wprowadzanie stan\u00f3w magazynowych&#8211; <a href=\"https:\/\/www.youtube.com\/watch?v=I_Cs37GjZQA\">Obejrzyj<\/a><br>&#8211; Pierwsze kroki po instalacji &#8212; <a href=\"http:\/\/www.youtube.com\/watch?v=Xzq7M9XMQaQ\">Obejrzyj<\/a><br>&#8211; Instrukcja u\u017cytkowania &#8212; <a href=\"http:\/\/morimedia.pl\/files\/Instrukcja_uzytkowania_programu_Addax.pdf\">Pobierz<\/a><br>&#8211; Podstawy funkcjonowania programu &#8212; <a href=\"https:\/\/www.youtube.com\/watch?v=fnxRCD2pHbc\">Obejrzyj<\/a><br><br><strong>Dla program\u00f3w Addax i Addax Plus:<\/strong><br>&#8211; Microsoft .NET Framework 4 &#8212; <a href=\"http:\/\/www.microsoft.com\/pl-pl\/download\/details.aspx?id=17851\">Pobierz<\/a><br>&#8211; Adobe Reader &#8212; <a href=\"http:\/\/get.adobe.com\/pl\/reader\/\">Pobierz<\/a><br>&#8211; Service Pack 1 dla systemu Microsoft Windows Vista &#8212; <a href=\"http:\/\/www.microsoft.com\/pl-pl\/download\/details.aspx?id=910\">Pobierz<\/a><br>&#8211; Wymagana aktualizacja platformy .NET 4 &#8212; <a href=\"http:\/\/support.microsoft.com\/kb\/2468871\">Pobierz<\/a><\/p>","protected":false},"excerpt":{"rendered":"<p>Instrukcje i materia\u0142y: Materia\u0142y do egzaminu w PiorinW odpowiedzi na du\u017c\u0105 ilo\u015b\u0107 zapyta\u0144 o pomocy przy egzaminie z prawa zamieszczamy&#8230;<\/p>\n","protected":false},"author":1,"featured_media":0,"parent":0,"menu_order":0,"comment_status":"closed","ping_status":"closed","template":"","meta":{"_kadence_starter_templates_imported_post":false,"footnotes":""},"class_list":["post-183","page","type-page","status-publish","hentry"],"_links":{"self":[{"href":"https:\/\/morimedia.pl\/index.php\/wp-json\/wp\/v2\/pages\/183","targetHints":{"allow":["GET"]}}],"collection":[{"href":"https:\/\/morimedia.pl\/index.php\/wp-json\/wp\/v2\/pages"}],"about":[{"href":"https:\/\/morimedia.pl\/index.php\/wp-json\/wp\/v2\/types\/page"}],"author":[{"embeddable":true,"href":"https:\/\/morimedia.pl\/index.php\/wp-json\/wp\/v2\/users\/1"}],"replies":[{"embeddable":true,"href":"https:\/\/morimedia.pl\/index.php\/wp-json\/wp\/v2\/comments?post=183"}],"version-history":[{"count":5,"href":"https:\/\/morimedia.pl\/index.php\/wp-json\/wp\/v2\/pages\/183\/revisions"}],"predecessor-version":[{"id":407,"href":"https:\/\/morimedia.pl\/index.php\/wp-json\/wp\/v2\/pages\/183\/revisions\/407"}],"wp:attachment":[{"href":"https:\/\/morimedia.pl\/index.php\/wp-json\/wp\/v2\/media?parent=183"}],"curies":[{"name":"wp","href":"https:\/\/api.w.org\/{rel}","templated":true}]}}