{"id":185,"date":"2025-02-20T21:07:35","date_gmt":"2025-02-20T20:07:35","guid":{"rendered":"http:\/\/hosting2284170.online.pro\/autoinstalator\/wordpress\/?page_id=185"},"modified":"2025-02-20T21:07:36","modified_gmt":"2025-02-20T20:07:36","slug":"katalog-roslin","status":"publish","type":"page","link":"https:\/\/morimedia.pl\/index.php\/katalog-roslin\/","title":{"rendered":"Katalog Ro\u015blin"},"content":{"rendered":"<h1 class=\"wp-block-heading\">Katalog ro\u015blin<\/h1><p>\u00a0\u00a0\u00a0\u00a0 Katalog ro\u015blin to dodatek do program\u00f3w Addax i Addax Plus. To nowatorskie po\u0142\u0105czenie specjalistycznego programu z katalogiem ro\u015blin zosta\u0142o stworzone z my\u015bl\u0105 o zoptymalizowaniu i udogodnieniu pracy oraz zwi\u0119kszeniu sprzeda\u017cy. Katalog ro\u015blin zawiera bardzo szczeg\u00f3\u0142owe informacje o ro\u015blinach, wzbogacone zdj\u0119ciami i opisami graficznymi. Dzi\u0119ki Katalogowi b\u0119dziesz mia\u0142 gotow\u0105 baz\u0119 ro\u015blin do drukowania etykiet, tworzenia oferty oraz dokument\u00f3w sprzeda\u017cowych. Katalog ro\u015blin u\u0142atwi wyszukanie ro\u015bliny spe\u0142niaj\u0105cej wymagania Twojego klienta.<br><br><strong>Podstawowe cechy Katalogu ro\u015blin:<\/strong><\/p><ul class=\"wp-block-list\"><li>rzetelne informacje<\/li>\n\n<li>rozbudowany opis ro\u015bliny<ul class=\"wp-block-list\"><li>nazwa \u0142aci\u0144ska i polska<\/li>\n\n<li>szczeg\u00f3\u0142owy opis tekstowy<\/li>\n\n<li>kod ro\u015bliny<\/li>\n\n<li>wysoko\u015b\u0107 i szeroko\u015b\u0107 ro\u015bliny dziesi\u0119cioletniej\/ jej docelowa wysoko\u015b\u0107 i szeroko\u015b\u0107<\/li>\n\n<li>pokr\u00f3j ro\u015bliny<\/li>\n\n<li>szczeg\u00f3\u0142owe okre\u015blenie wymaga\u0144 ro\u015bliny<\/li>\n\n<li>kolor kwiat\u00f3w i okres kwitnienia<\/li>\n\n<li>kolor owoc\u00f3w i okres owocowania<\/li><\/ul><\/li>\n\n<li>atrakcyjne zdj\u0119cia ro\u015blin<\/li><\/ul><p><strong>Zrzuty ekranu<\/strong><\/p><div class=\"wp-block-cb-carousel\" data-slick=\"{&quot;slidesToShow&quot;:2,&quot;slidesToScroll&quot;:1,&quot;speed&quot;:300,&quot;arrows&quot;:true,&quot;dots&quot;:true,&quot;autoplay&quot;:false,&quot;autoplaySpeed&quot;:3000,&quot;infinite&quot;:false,&quot;responsive&quot;:[{&quot;breakpoint&quot;:769,&quot;settings&quot;:{&quot;slidesToShow&quot;:1,&quot;slidesToScroll&quot;:1}}]}\"><div class=\"wp-block-cb-slide\"><figure class=\"wp-block-image size-large\"><img loading=\"lazy\" decoding=\"async\" width=\"1024\" height=\"616\" src=\"http:\/\/hosting2284170.online.pro\/autoinstalator\/wordpress\/wp-content\/uploads\/2025\/02\/Adax1-1-katalog-1024x616.png\" alt=\"\" class=\"wp-image-186\" srcset=\"https:\/\/morimedia.pl\/wp-content\/uploads\/2025\/02\/Adax1-1-katalog-1024x616.png 1024w, https:\/\/morimedia.pl\/wp-content\/uploads\/2025\/02\/Adax1-1-katalog-300x180.png 300w, https:\/\/morimedia.pl\/wp-content\/uploads\/2025\/02\/Adax1-1-katalog-768x462.png 768w, https:\/\/morimedia.pl\/wp-content\/uploads\/2025\/02\/Adax1-1-katalog-1536x924.png 1536w, https:\/\/morimedia.pl\/wp-content\/uploads\/2025\/02\/Adax1-1-katalog-600x361.png 600w, https:\/\/morimedia.pl\/wp-content\/uploads\/2025\/02\/Adax1-1-katalog.png 1674w\" sizes=\"auto, (max-width: 1024px) 100vw, 1024px\" \/><\/figure><\/div>\n\n<div class=\"wp-block-cb-slide\"><figure class=\"wp-block-image size-full\"><img loading=\"lazy\" decoding=\"async\" width=\"900\" height=\"539\" src=\"http:\/\/hosting2284170.online.pro\/autoinstalator\/wordpress\/wp-content\/uploads\/2025\/02\/Addax1-1-Katalog3.png\" alt=\"\" class=\"wp-image-187\" srcset=\"https:\/\/morimedia.pl\/wp-content\/uploads\/2025\/02\/Addax1-1-Katalog3.png 900w, https:\/\/morimedia.pl\/wp-content\/uploads\/2025\/02\/Addax1-1-Katalog3-300x180.png 300w, https:\/\/morimedia.pl\/wp-content\/uploads\/2025\/02\/Addax1-1-Katalog3-768x460.png 768w, https:\/\/morimedia.pl\/wp-content\/uploads\/2025\/02\/Addax1-1-Katalog3-600x359.png 600w\" sizes=\"auto, (max-width: 900px) 100vw, 900px\" \/><\/figure><\/div>\n\n<div class=\"wp-block-cb-slide\"><figure class=\"wp-block-image size-large\"><img loading=\"lazy\" decoding=\"async\" width=\"1024\" height=\"611\" src=\"http:\/\/hosting2284170.online.pro\/autoinstalator\/wordpress\/wp-content\/uploads\/2025\/02\/katalog3-1024x611.png\" alt=\"\" class=\"wp-image-188\" srcset=\"https:\/\/morimedia.pl\/wp-content\/uploads\/2025\/02\/katalog3-1024x611.png 1024w, https:\/\/morimedia.pl\/wp-content\/uploads\/2025\/02\/katalog3-300x179.png 300w, https:\/\/morimedia.pl\/wp-content\/uploads\/2025\/02\/katalog3-768x458.png 768w, https:\/\/morimedia.pl\/wp-content\/uploads\/2025\/02\/katalog3-600x358.png 600w, https:\/\/morimedia.pl\/wp-content\/uploads\/2025\/02\/katalog3.png 1200w\" sizes=\"auto, (max-width: 1024px) 100vw, 1024px\" \/><\/figure><\/div>\n\n<div class=\"wp-block-cb-slide\"><figure class=\"wp-block-image size-large\"><img loading=\"lazy\" decoding=\"async\" width=\"1024\" height=\"613\" src=\"http:\/\/hosting2284170.online.pro\/autoinstalator\/wordpress\/wp-content\/uploads\/2025\/02\/katalog4-1024x613.png\" alt=\"\" class=\"wp-image-189\" srcset=\"https:\/\/morimedia.pl\/wp-content\/uploads\/2025\/02\/katalog4-1024x613.png 1024w, https:\/\/morimedia.pl\/wp-content\/uploads\/2025\/02\/katalog4-300x180.png 300w, https:\/\/morimedia.pl\/wp-content\/uploads\/2025\/02\/katalog4-768x460.png 768w, https:\/\/morimedia.pl\/wp-content\/uploads\/2025\/02\/katalog4-600x359.png 600w, https:\/\/morimedia.pl\/wp-content\/uploads\/2025\/02\/katalog4.png 1300w\" sizes=\"auto, (max-width: 1024px) 100vw, 1024px\" \/><\/figure><\/div>\n\n<div class=\"wp-block-cb-slide\"><figure class=\"wp-block-image size-large\"><img loading=\"lazy\" decoding=\"async\" width=\"1024\" height=\"612\" src=\"http:\/\/hosting2284170.online.pro\/autoinstalator\/wordpress\/wp-content\/uploads\/2025\/02\/katalog5-1024x612.png\" alt=\"\" class=\"wp-image-190\" srcset=\"https:\/\/morimedia.pl\/wp-content\/uploads\/2025\/02\/katalog5-1024x612.png 1024w, https:\/\/morimedia.pl\/wp-content\/uploads\/2025\/02\/katalog5-300x179.png 300w, https:\/\/morimedia.pl\/wp-content\/uploads\/2025\/02\/katalog5-768x459.png 768w, https:\/\/morimedia.pl\/wp-content\/uploads\/2025\/02\/katalog5-600x359.png 600w, https:\/\/morimedia.pl\/wp-content\/uploads\/2025\/02\/katalog5.png 1200w\" sizes=\"auto, (max-width: 1024px) 100vw, 1024px\" \/><\/figure><\/div>\n\n<div class=\"wp-block-cb-slide\"><figure class=\"wp-block-image size-large\"><img loading=\"lazy\" decoding=\"async\" width=\"1024\" height=\"608\" src=\"http:\/\/hosting2284170.online.pro\/autoinstalator\/wordpress\/wp-content\/uploads\/2025\/02\/katalog6-1024x608.png\" alt=\"\" class=\"wp-image-191\" srcset=\"https:\/\/morimedia.pl\/wp-content\/uploads\/2025\/02\/katalog6-1024x608.png 1024w, https:\/\/morimedia.pl\/wp-content\/uploads\/2025\/02\/katalog6-300x178.png 300w, https:\/\/morimedia.pl\/wp-content\/uploads\/2025\/02\/katalog6-768x456.png 768w, https:\/\/morimedia.pl\/wp-content\/uploads\/2025\/02\/katalog6-600x356.png 600w, https:\/\/morimedia.pl\/wp-content\/uploads\/2025\/02\/katalog6.png 1050w\" sizes=\"auto, (max-width: 1024px) 100vw, 1024px\" \/><\/figure><\/div>\n\n<div class=\"wp-block-cb-slide\"><figure class=\"wp-block-image size-large\"><img loading=\"lazy\" decoding=\"async\" width=\"1024\" height=\"610\" src=\"http:\/\/hosting2284170.online.pro\/autoinstalator\/wordpress\/wp-content\/uploads\/2025\/02\/katalog7-1024x610.png\" alt=\"\" class=\"wp-image-192\" srcset=\"https:\/\/morimedia.pl\/wp-content\/uploads\/2025\/02\/katalog7-1024x610.png 1024w, https:\/\/morimedia.pl\/wp-content\/uploads\/2025\/02\/katalog7-300x179.png 300w, https:\/\/morimedia.pl\/wp-content\/uploads\/2025\/02\/katalog7-768x457.png 768w, https:\/\/morimedia.pl\/wp-content\/uploads\/2025\/02\/katalog7-600x357.png 600w, https:\/\/morimedia.pl\/wp-content\/uploads\/2025\/02\/katalog7.png 1100w\" sizes=\"auto, (max-width: 1024px) 100vw, 1024px\" \/><\/figure><\/div>\n\n<div class=\"wp-block-cb-slide\"><figure class=\"wp-block-image size-large\"><img loading=\"lazy\" decoding=\"async\" width=\"1024\" height=\"608\" src=\"http:\/\/hosting2284170.online.pro\/autoinstalator\/wordpress\/wp-content\/uploads\/2025\/02\/katalog2-1-1024x608.png\" alt=\"\" class=\"wp-image-193\" srcset=\"https:\/\/morimedia.pl\/wp-content\/uploads\/2025\/02\/katalog2-1-1024x608.png 1024w, https:\/\/morimedia.pl\/wp-content\/uploads\/2025\/02\/katalog2-1-300x178.png 300w, https:\/\/morimedia.pl\/wp-content\/uploads\/2025\/02\/katalog2-1-768x456.png 768w, https:\/\/morimedia.pl\/wp-content\/uploads\/2025\/02\/katalog2-1-600x356.png 600w, https:\/\/morimedia.pl\/wp-content\/uploads\/2025\/02\/katalog2-1.png 1200w\" sizes=\"auto, (max-width: 1024px) 100vw, 1024px\" \/><\/figure><\/div><\/div><p><\/p>","protected":false},"excerpt":{"rendered":"<p>Katalog ro\u015blin \u00a0\u00a0\u00a0\u00a0 Katalog ro\u015blin to dodatek do program\u00f3w Addax i Addax Plus. To nowatorskie po\u0142\u0105czenie specjalistycznego programu z katalogiem&#8230;<\/p>\n","protected":false},"author":1,"featured_media":0,"parent":0,"menu_order":0,"comment_status":"closed","ping_status":"closed","template":"","meta":{"_kadence_starter_templates_imported_post":false,"footnotes":""},"class_list":["post-185","page","type-page","status-publish","hentry"],"_links":{"self":[{"href":"https:\/\/morimedia.pl\/index.php\/wp-json\/wp\/v2\/pages\/185","targetHints":{"allow":["GET"]}}],"collection":[{"href":"https:\/\/morimedia.pl\/index.php\/wp-json\/wp\/v2\/pages"}],"about":[{"href":"https:\/\/morimedia.pl\/index.php\/wp-json\/wp\/v2\/types\/page"}],"author":[{"embeddable":true,"href":"https:\/\/morimedia.pl\/index.php\/wp-json\/wp\/v2\/users\/1"}],"replies":[{"embeddable":true,"href":"https:\/\/morimedia.pl\/index.php\/wp-json\/wp\/v2\/comments?post=185"}],"version-history":[{"count":1,"href":"https:\/\/morimedia.pl\/index.php\/wp-json\/wp\/v2\/pages\/185\/revisions"}],"predecessor-version":[{"id":194,"href":"https:\/\/morimedia.pl\/index.php\/wp-json\/wp\/v2\/pages\/185\/revisions\/194"}],"wp:attachment":[{"href":"https:\/\/morimedia.pl\/index.php\/wp-json\/wp\/v2\/media?parent=185"}],"curies":[{"name":"wp","href":"https:\/\/api.w.org\/{rel}","templated":true}]}}