{"id":253,"date":"2025-02-21T17:51:30","date_gmt":"2025-02-21T16:51:30","guid":{"rendered":"https:\/\/morimedia.pl\/?page_id=253"},"modified":"2025-03-19T00:04:45","modified_gmt":"2025-03-18T23:04:45","slug":"informacje","status":"publish","type":"page","link":"https:\/\/morimedia.pl\/index.php\/informacje\/","title":{"rendered":"Informacje"},"content":{"rendered":"<p>Zasady funkcjonowania naszego sklepu mo\u017cna znale\u017a\u0107 na stronach poni\u017cej:<\/p><p><a href=\"https:\/\/morimedia.pl\/index.php\/polityka-prywatnosci-2\/\" data-type=\"page\" data-id=\"242\">Polityka Prywatno\u015bci<\/a><\/p><p><a href=\"https:\/\/morimedia.pl\/index.php\/regulamin-sklepu-morimedia\/\" data-type=\"page\" data-id=\"200\">Regulamin<\/a><\/p><p><a href=\"https:\/\/morimedia.pl\/index.php\/zwroty-2\/\" data-type=\"page\" data-id=\"244\">Zwroty towar\u00f3w<\/a><\/p><p><a href=\"https:\/\/morimedia.pl\/index.php\/wysylka\/\" data-type=\"page\" data-id=\"299\">Wysy\u0142ka<\/a><\/p><p><\/p>","protected":false},"excerpt":{"rendered":"<p>Zasady funkcjonowania naszego sklepu mo\u017cna znale\u017a\u0107 na stronach poni\u017cej: Polityka Prywatno\u015bci Regulamin Zwroty towar\u00f3w Wysy\u0142ka<\/p>\n","protected":false},"author":1,"featured_media":0,"parent":0,"menu_order":0,"comment_status":"closed","ping_status":"closed","template":"","meta":{"_kadence_starter_templates_imported_post":false,"footnotes":""},"class_list":["post-253","page","type-page","status-publish","hentry"],"_links":{"self":[{"href":"https:\/\/morimedia.pl\/index.php\/wp-json\/wp\/v2\/pages\/253","targetHints":{"allow":["GET"]}}],"collection":[{"href":"https:\/\/morimedia.pl\/index.php\/wp-json\/wp\/v2\/pages"}],"about":[{"href":"https:\/\/morimedia.pl\/index.php\/wp-json\/wp\/v2\/types\/page"}],"author":[{"embeddable":true,"href":"https:\/\/morimedia.pl\/index.php\/wp-json\/wp\/v2\/users\/1"}],"replies":[{"embeddable":true,"href":"https:\/\/morimedia.pl\/index.php\/wp-json\/wp\/v2\/comments?post=253"}],"version-history":[{"count":2,"href":"https:\/\/morimedia.pl\/index.php\/wp-json\/wp\/v2\/pages\/253\/revisions"}],"predecessor-version":[{"id":302,"href":"https:\/\/morimedia.pl\/index.php\/wp-json\/wp\/v2\/pages\/253\/revisions\/302"}],"wp:attachment":[{"href":"https:\/\/morimedia.pl\/index.php\/wp-json\/wp\/v2\/media?parent=253"}],"curies":[{"name":"wp","href":"https:\/\/api.w.org\/{rel}","templated":true}]}}